
2, 3, 5, 31
List the prime factors of 4169.
11, 379
List the prime factors of 524.
2, 131
List the prime factors of 32455.
5, 6491
What are the prime factors of 3437?
7, 491
What are the prime factors of 2222?
2, 11, 101
List the prime factors of 4152.
2, 3, 173
What are the prime factors of 29313?
3, 3257
List the prime factors of 4541.
19, 239
What are the prime factors of 4288?
2, 67
What are the prime factors of 70722?
2, 3, 3929
List the prime factors of 14613.
3, 4871
What are the prime factors of 115135?
5, 23027
List the prime factors of 10581.
3, 3527
List the prime factors of 1079.
13, 83
What are the prime factors of 61954?
2, 30977
List the prime factors of 21260.
2, 5, 1063
List the prime factors of 57040.
2, 5, 23, 31
List the prime factors of 76932.
2, 3, 2137
List the prime factors of 1678.
2, 839
What are the prime factors of 1287?
3, 11, 13
What are the prime factors of 1014?
2, 3, 13
What are the prime factors of 552?
2, 3, 23
What are the prime factors of 4919?
4919
What are the prime factors of 7299?
3, 811
What are the prime factors of 11257?
11257
What are the prime factors of 45496?
2, 11, 47
What are the prime factors of 17591?
7, 359
What are the prime factors of 44817?
3, 14939
What are the prime factors of 1260?
2, 3, 5, 7
List the prime factors of 1212.
2, 3, 101
List the prime factors of 52088.
2, 17, 383
What are the prime factors of 983?
983
List the prime factors of 22506.
2, 3, 11, 31
List the prime factors of 270.
2, 3, 5
List the prime factors of 5848.
2, 17, 43
List the prime factors of 1247.
29, 43
List the prime factors of 48280.
2, 5, 17, 71
List the prime factors of 65461.
11, 541
List the prime factors of 46705.
5, 9341
List the prime factors of 132.
2, 3, 11
List the prime factors of 10093.
10093
List the prime factors of 4584.
2, 3, 191
What are the prime factors of 101?
101
List the prime factors of 5275.
5, 211
List the prime factors of 321.
3, 107
What are the prime factors of 868?
2, 7, 31
List the prime factors of 3349.
17, 197
What are the prime factors of 10544?
2, 659
List the prime factors of 5770.
2, 5, 577
List the prime factors of 7972.
2, 1993
List the prime factors of 4946.
2, 2473
What are the prime factors of 622?
2, 311
List the prime factors of 956.
2, 239
List the prime factors of 11119.
11119
List the prime factors of 11969.
11969
What are the prime factors of 3705?
3, 5, 13, 19
What are the prime factors of 67917?
3, 22639
What are the prime factors of 908?
2, 227
What are the prime factors of 911?
911
List the prime factors of 1439.
1439
List the prime factors of 12976.
2, 811
List the prime factors of 3537.
3, 131
What are the prime factors of 538?
2, 269
What are the prime factors of 4449?
3, 1483
What are the prime factors of 1416?
2, 3, 59
What are the prime factors of 4196?
2, 1049
List the prime factors of 88504.
2, 13, 23, 37
What are the prime factors of 44097?
3, 14699
What are the prime factors of 1569?
3, 523
List the prime factors of 4064.
2, 127
List the prime factors of 8484.
2, 3, 7, 101
List the prime factors of 21644.
2, 7, 773
What are the prime factors of 693?
3, 7, 11
List the prime factors of 2820.
2, 3, 5, 47
What are the prime factors of 60483?
3, 20161
What are the prime factors of 12159?
3, 7, 193
List the prime factors of 2590.
2, 5, 7, 37
What are the prime factors of 7557?
3, 11, 229
What are the prime factors of 2038?
2, 1019
List the prime factors of 98626.
2, 11, 4483
List the prime factors of 1212.
2, 3, 101
What are the prime factors of 1600?
2, 5
List the prime factors of 11153.
19, 587
List the prime factors of 2876.
2, 719
What are the prime factors of 13547?
19, 23, 31
List the prime factors of 31878.
2, 3, 7, 11, 23
What are the prime factors of 1047?
3, 349
What are the prime factors of 30802?
2, 15401
What are the prime factors of 64?
2
What are the prime factors of 18556?
2, 4639
List the prime factors of 86337.
3, 53, 181
List the prime factors of 4721.
4721
List the prime factors of 527.
17, 31
List the prime factors of 742.
2, 7, 53
What are the prime factors of 49901?
139, 359
List the prime factors of 4693.
13, 19
What are the prime factors of 104?
2, 13
List the prime factors of 1042.
2, 521
What are the prime factors of 13361?
31, 431
List the prime factors of 2437.
2437
List the prime factors of 3636.
2, 3, 101
What are the prime factors of 863?
863
What are the prime factors of 1541?
23, 67
List the prime factors of 4268.
2, 11, 97
What are the prime factors of 2890?
2, 5, 17
What are the prime factors of 1524?
2, 3, 127
What are the prime factors of 2769?
3, 13, 71
What are the prime factors of 55465?
5, 11093
What are the prime factors of 33999?
3, 7, 1619
List the prime factors of 27477.
3, 43, 71
List the prime factors of 5984.
2, 11, 17
List the prime factors of 6191.
41, 151
What are the prime factors of 45931?
23, 1997
List the prime factors of 1944.
2, 3
What are the prime factors of 30192?
2, 3, 17, 37
What are the prime factors of 11?
11
What are the prime factors of 23422?
2, 7, 239
List the prime factors of 4123.
7, 19, 31
List the prime factors of 729.
3
What are the prime factors of 51984?
2, 3, 19
What are the prime factors of 106392?
2, 3, 11, 13, 31
What are the prime factors of 25198?
2, 43, 293
What are the prime factors of 1266?
2, 3, 211
List the prime factors of 108.
2, 3
List the prime factors of 59866.
2, 37, 809
List the prime factors of 301.
7, 43
List the prime factors of 8837.
8837
List the prime factors of 1928.
2, 241
List the prime factors of 8310.
2, 3, 5, 277
List the prime factors of 60996.
2, 3, 13, 17, 23
What are the prime factors of 32320?
2, 5, 101
List the prime factors of 14316.
2, 3, 1193
What are the prime factors of 676?
2, 13
List the prime factors of 35518.
2, 7, 43, 59
List the prime factors of 2442.
2, 3, 11, 37
What are the prime factors of 16583?
7, 23, 103
What are the prime factors of 10692?
2, 3, 11
What are the prime factors of 2734?
2, 1367
What are the prime factors of 10890?
2, 3, 5, 11
What are the prime factors of 17813?
47, 379
List the prime factors of 7018.
2, 11, 29
What are the prime factors of 39504?
2, 3, 823
List the prime factors of 1151.
1151
List the prime factors of 7229.
7229
List the prime factors of 55639.
55639
What are the prime factors of 6392?
2, 17, 47
List the prime factors of 476.
2, 7, 17
List the prime factors of 110.
2, 5, 11
What are the prime factors of 14280?
2, 3, 5, 7, 17
List the prime factors of 3077.
17, 181
List the prime factors of 1279.
1279
What are the prime factors of 1266?
2, 3, 211
What are the prime factors of 24347?
97, 251
What are the prime factors of 21675?
3, 5, 17
What are the prime factors of 713?
23, 31
What are the prime factors of 49430?
2, 5, 4943
List the prime factors of 1161.
3, 43
List the prime factors of 9936.
2, 3, 23
List the prime factors of 918.
2, 3, 17
List the prime factors of 36763.
97, 379
List the prime factors of 187905.
3, 5, 12527
What are the prime factors of 2623?
43, 61
List the prime factors of 7246.
2, 3623
List the prime factors of 274.
2, 137
List the prime factors of 1680.
2, 3, 5, 7
What are the prime factors of 14257?
53, 269
What are the prime factors of 2706?
2, 3, 11, 41
List the prime factors of 2156.
2, 7, 11
List the prime factors of 772.
2, 193
List the prime factors of 26194.
2, 7, 1871
What are the prime factors of 3926?
2, 13, 151
What are the prime factors of 1871?
1871
List the prime factors of 829.
829
List the prime factors of 21041.
53, 397
List the prime factors of 20498.
2, 37, 277
List the prime factors of 5366.
2, 2683
What are the prime factors of 238?
2, 7, 17
What are the prime factors of 1532?
2, 383
List the prime factors of 3951.
3, 439
List the prime factors of 2321.
11, 211
What are the prime factors of 2804?
2, 701
What are the prime factors of 9135?
3, 5, 7, 29
What are the prime factors of 1991?
11, 181
What are the prime factors of 655?
5, 131
What are the prime factors of 8116?
2, 2029
What are the prime factors of 11965?
5, 2393
What are the prime factors of 177260?
2, 5, 8863
List the prime factors of 14886.
2, 3, 827
What are the prime factors of 665?
5, 7, 19
List the prime factors of 154.
2, 7, 11
List the prime factors of 1601.
1601
What are the pr